{"id":1825,"date":"2024-06-04T11:52:49","date_gmt":"2024-06-04T09:52:49","guid":{"rendered":"https:\/\/imeif.fr\/?page_id=1825"},"modified":"2024-06-04T12:06:57","modified_gmt":"2024-06-04T10:06:57","slug":"nous-soutenir","status":"publish","type":"page","link":"https:\/\/imeif.fr\/index.php\/nous-soutenir\/","title":{"rendered":"Nous soutenir"},"content":{"rendered":"<p>[et_pb_section fb_built=\u00a0\u00bb1&Prime; admin_label=\u00a0\u00bbsection\u00a0\u00bb _builder_version=\u00a0\u00bb3.22&Prime;][et_pb_row column_structure=\u00a0\u00bb1_2,1_2&Prime; _builder_version=\u00a0\u00bb4.6.6&Prime; _module_preset=\u00a0\u00bbdefault\u00a0\u00bb][et_pb_column type=\u00a0\u00bb1_2&Prime; _builder_version=\u00a0\u00bb4.6.6&Prime; _module_preset=\u00a0\u00bbdefault\u00a0\u00bb][et_pb_image src=\u00a0\u00bbhttps:\/\/imeif.fr\/wp-content\/uploads\/2024\/05\/restaurant-logo.png\u00a0\u00bb title_text=\u00a0\u00bbrestaurant-logo\u00a0\u00bb _builder_version=\u00a0\u00bb4.6.6&Prime; _module_preset=\u00a0\u00bbdefault\u00a0\u00bb][\/et_pb_image][\/et_pb_column][et_pb_column type=\u00a0\u00bb1_2&Prime; _builder_version=\u00a0\u00bb4.6.6&Prime; _module_preset=\u00a0\u00bbdefault\u00a0\u00bb][et_pb_text _builder_version=\u00a0\u00bb4.6.6&Prime; _module_preset=\u00a0\u00bbdefault\u00a0\u00bb][\/et_pb_text][et_pb_text _builder_version=\u00a0\u00bb4.6.6&Prime; _module_preset=\u00a0\u00bbdefault\u00a0\u00bb][\/et_pb_text][et_pb_text _builder_version=\u00a0\u00bb4.6.6&Prime; _module_preset=\u00a0\u00bbdefault\u00a0\u00bb module_alignment=\u00a0\u00bbcenter\u00a0\u00bb hover_enabled=\u00a0\u00bb0&Prime; text_font_size=\u00a0\u00bb28px\u00a0\u00bb sticky_enabled=\u00a0\u00bb0&Prime;]<\/p>\n<h4>Venez manger au restaurant d\u00e9di\u00e9 \u00e0 la couveuse Shake Mama ! Une belle occasion d&rsquo;allier solidarit\u00e9 et\u00a0 gourmandise !<\/h4>\n<p>[\/et_pb_text][et_pb_button button_url=\u00a0\u00bbhttps:\/\/www.shakemama.fr\/restaurant\/\u00a0\u00bb button_text=\u00a0\u00bbEn savoir plus sur le restaurant de la couveuse Shake Mama\u00a0\u00bb _builder_version=\u00a0\u00bb4.6.6&Prime; _module_preset=\u00a0\u00bbdefault\u00a0\u00bb][\/et_pb_button][\/et_pb_column][\/et_pb_row][et_pb_row column_structure=\u00a0\u00bb3_5,2_5&Prime; _builder_version=\u00a0\u00bb4.6.6&Prime; _module_preset=\u00a0\u00bbdefault\u00a0\u00bb][et_pb_column type=\u00a0\u00bb3_5&Prime; _builder_version=\u00a0\u00bb4.6.6&Prime; _module_preset=\u00a0\u00bbdefault\u00a0\u00bb][et_pb_text _builder_version=\u00a0\u00bb4.6.6&Prime; _module_preset=\u00a0\u00bbdefault\u00a0\u00bb][\/et_pb_text][et_pb_text _builder_version=\u00a0\u00bb4.6.6&Prime; _module_preset=\u00a0\u00bbdefault\u00a0\u00bb][\/et_pb_text][et_pb_text _builder_version=\u00a0\u00bb4.6.6&Prime; _module_preset=\u00a0\u00bbdefault\u00a0\u00bb hover_enabled=\u00a0\u00bb0&Prime; sticky_enabled=\u00a0\u00bb0&Prime; text_font_size=\u00a0\u00bb22px\u00a0\u00bb]Vous pouvez aussi nous soutenir en nous faisant un don.[\/et_pb_text][et_pb_button button_text=\u00a0\u00bbPour faire un don, c&rsquo;est par ici \ud83d\ude42\u00a0\u00bb _builder_version=\u00a0\u00bb4.6.6&Prime; _module_preset=\u00a0\u00bbdefault\u00a0\u00bb hover_enabled=\u00a0\u00bb0&Prime; button_url=\u00a0\u00bbhttps:\/\/www.helloasso.com\/associations\/imeif\u00a0\u00bb sticky_enabled=\u00a0\u00bb0&Prime;][\/et_pb_button][\/et_pb_column][et_pb_column type=\u00a0\u00bb2_5&Prime; _builder_version=\u00a0\u00bb4.6.6&Prime; _module_preset=\u00a0\u00bbdefault\u00a0\u00bb][et_pb_image src=\u00a0\u00bbhttps:\/\/imeif.fr\/wp-content\/uploads\/2024\/05\/don.png\u00a0\u00bb title_text=\u00a0\u00bbdon\u00a0\u00bb _builder_version=\u00a0\u00bb4.6.6&Prime; _module_preset=\u00a0\u00bbdefault\u00a0\u00bb][\/et_pb_image][\/et_pb_column][\/et_pb_row][\/et_pb_section]<\/p>\n","protected":false},"excerpt":{"rendered":"<p>Venez manger au restaurant d\u00e9di\u00e9 \u00e0 la couveuse Shake Mama ! Une belle occasion d&rsquo;allier solidarit\u00e9 et\u00a0 gourmandise !Vous pouvez aussi nous soutenir en nous faisant un don.<\/p>\n","protected":false},"author":1,"featured_media":0,"parent":0,"menu_order":0,"comment_status":"closed","ping_status":"closed","template":"","meta":{"_et_pb_use_builder":"on","_et_pb_old_content":"","_et_gb_content_width":"","footnotes":""},"class_list":["post-1825","page","type-page","status-publish","hentry"],"yoast_head":"<!-- This site is optimized with the Yoast SEO plugin v25.7 - https:\/\/yoast.com\/wordpress\/plugins\/seo\/ -->\n<title>Nous soutenir - IMEIF<\/title>\n<meta name=\"description\" content=\"Soutenir l&#039;IMEIF qui \u0153uvre de fa\u00e7on innovante \u00e0 l&#039;\u00e9mancipation des femmes dans les quartiers prioritaires de Montpellier.\" \/>\n<meta name=\"robots\" content=\"index, follow, max-snippet:-1, max-image-preview:large, max-video-preview:-1\" \/>\n<link rel=\"canonical\" href=\"https:\/\/imeif.fr\/index.php\/nous-soutenir\/\" \/>\n<meta property=\"og:locale\" content=\"fr_FR\" \/>\n<meta property=\"og:type\" content=\"article\" \/>\n<meta property=\"og:title\" content=\"Nous soutenir - IMEIF\" \/>\n<meta property=\"og:description\" content=\"Soutenir l&#039;IMEIF qui \u0153uvre de fa\u00e7on innovante \u00e0 l&#039;\u00e9mancipation des femmes dans les quartiers prioritaires de Montpellier.\" \/>\n<meta property=\"og:url\" content=\"https:\/\/imeif.fr\/index.php\/nous-soutenir\/\" \/>\n<meta property=\"og:site_name\" content=\"IMEIF\" \/>\n<meta property=\"article:modified_time\" content=\"2024-06-04T10:06:57+00:00\" \/>\n<meta name=\"twitter:card\" content=\"summary_large_image\" \/>\n<meta name=\"twitter:label1\" content=\"Dur\u00e9e de lecture estim\u00e9e\" \/>\n\t<meta name=\"twitter:data1\" content=\"1 minute\" \/>\n<script type=\"application\/ld+json\" class=\"yoast-schema-graph\">{\"@context\":\"https:\/\/schema.org\",\"@graph\":[{\"@type\":\"WebPage\",\"@id\":\"https:\/\/imeif.fr\/index.php\/nous-soutenir\/\",\"url\":\"https:\/\/imeif.fr\/index.php\/nous-soutenir\/\",\"name\":\"Nous soutenir - IMEIF\",\"isPartOf\":{\"@id\":\"https:\/\/imeif.fr\/#website\"},\"datePublished\":\"2024-06-04T09:52:49+00:00\",\"dateModified\":\"2024-06-04T10:06:57+00:00\",\"description\":\"Soutenir l'IMEIF qui \u0153uvre de fa\u00e7on innovante \u00e0 l'\u00e9mancipation des femmes dans les quartiers prioritaires de Montpellier.\",\"breadcrumb\":{\"@id\":\"https:\/\/imeif.fr\/index.php\/nous-soutenir\/#breadcrumb\"},\"inLanguage\":\"fr-FR\",\"potentialAction\":[{\"@type\":\"ReadAction\",\"target\":[\"https:\/\/imeif.fr\/index.php\/nous-soutenir\/\"]}]},{\"@type\":\"BreadcrumbList\",\"@id\":\"https:\/\/imeif.fr\/index.php\/nous-soutenir\/#breadcrumb\",\"itemListElement\":[{\"@type\":\"ListItem\",\"position\":1,\"name\":\"Accueil\",\"item\":\"https:\/\/imeif.fr\/\"},{\"@type\":\"ListItem\",\"position\":2,\"name\":\"Nous soutenir\"}]},{\"@type\":\"WebSite\",\"@id\":\"https:\/\/imeif.fr\/#website\",\"url\":\"https:\/\/imeif.fr\/\",\"name\":\"IMEIF\",\"description\":\"Pas de quartier pour l&#039;\u00e9mancipation des femmes\",\"publisher\":{\"@id\":\"https:\/\/imeif.fr\/#organization\"},\"potentialAction\":[{\"@type\":\"SearchAction\",\"target\":{\"@type\":\"EntryPoint\",\"urlTemplate\":\"https:\/\/imeif.fr\/?s={search_term_string}\"},\"query-input\":{\"@type\":\"PropertyValueSpecification\",\"valueRequired\":true,\"valueName\":\"search_term_string\"}}],\"inLanguage\":\"fr-FR\"},{\"@type\":\"Organization\",\"@id\":\"https:\/\/imeif.fr\/#organization\",\"name\":\"IMEIF\",\"url\":\"https:\/\/imeif.fr\/\",\"logo\":{\"@type\":\"ImageObject\",\"inLanguage\":\"fr-FR\",\"@id\":\"https:\/\/imeif.fr\/#\/schema\/logo\/image\/\",\"url\":\"https:\/\/imeif.fr\/wp-content\/uploads\/2021\/03\/logo-imeif-3000px.png\",\"contentUrl\":\"https:\/\/imeif.fr\/wp-content\/uploads\/2021\/03\/logo-imeif-3000px.png\",\"width\":3000,\"height\":3000,\"caption\":\"IMEIF\"},\"image\":{\"@id\":\"https:\/\/imeif.fr\/#\/schema\/logo\/image\/\"}}]}<\/script>\n<!-- \/ Yoast SEO plugin. -->","yoast_head_json":{"title":"Nous soutenir - IMEIF","description":"Soutenir l'IMEIF qui \u0153uvre de fa\u00e7on innovante \u00e0 l'\u00e9mancipation des femmes dans les quartiers prioritaires de Montpellier.","robots":{"index":"index","follow":"follow","max-snippet":"max-snippet:-1","max-image-preview":"max-image-preview:large","max-video-preview":"max-video-preview:-1"},"canonical":"https:\/\/imeif.fr\/index.php\/nous-soutenir\/","og_locale":"fr_FR","og_type":"article","og_title":"Nous soutenir - IMEIF","og_description":"Soutenir l'IMEIF qui \u0153uvre de fa\u00e7on innovante \u00e0 l'\u00e9mancipation des femmes dans les quartiers prioritaires de Montpellier.","og_url":"https:\/\/imeif.fr\/index.php\/nous-soutenir\/","og_site_name":"IMEIF","article_modified_time":"2024-06-04T10:06:57+00:00","twitter_card":"summary_large_image","twitter_misc":{"Dur\u00e9e de lecture estim\u00e9e":"1 minute"},"schema":{"@context":"https:\/\/schema.org","@graph":[{"@type":"WebPage","@id":"https:\/\/imeif.fr\/index.php\/nous-soutenir\/","url":"https:\/\/imeif.fr\/index.php\/nous-soutenir\/","name":"Nous soutenir - IMEIF","isPartOf":{"@id":"https:\/\/imeif.fr\/#website"},"datePublished":"2024-06-04T09:52:49+00:00","dateModified":"2024-06-04T10:06:57+00:00","description":"Soutenir l'IMEIF qui \u0153uvre de fa\u00e7on innovante \u00e0 l'\u00e9mancipation des femmes dans les quartiers prioritaires de Montpellier.","breadcrumb":{"@id":"https:\/\/imeif.fr\/index.php\/nous-soutenir\/#breadcrumb"},"inLanguage":"fr-FR","potentialAction":[{"@type":"ReadAction","target":["https:\/\/imeif.fr\/index.php\/nous-soutenir\/"]}]},{"@type":"BreadcrumbList","@id":"https:\/\/imeif.fr\/index.php\/nous-soutenir\/#breadcrumb","itemListElement":[{"@type":"ListItem","position":1,"name":"Accueil","item":"https:\/\/imeif.fr\/"},{"@type":"ListItem","position":2,"name":"Nous soutenir"}]},{"@type":"WebSite","@id":"https:\/\/imeif.fr\/#website","url":"https:\/\/imeif.fr\/","name":"IMEIF","description":"Pas de quartier pour l&#039;\u00e9mancipation des femmes","publisher":{"@id":"https:\/\/imeif.fr\/#organization"},"potentialAction":[{"@type":"SearchAction","target":{"@type":"EntryPoint","urlTemplate":"https:\/\/imeif.fr\/?s={search_term_string}"},"query-input":{"@type":"PropertyValueSpecification","valueRequired":true,"valueName":"search_term_string"}}],"inLanguage":"fr-FR"},{"@type":"Organization","@id":"https:\/\/imeif.fr\/#organization","name":"IMEIF","url":"https:\/\/imeif.fr\/","logo":{"@type":"ImageObject","inLanguage":"fr-FR","@id":"https:\/\/imeif.fr\/#\/schema\/logo\/image\/","url":"https:\/\/imeif.fr\/wp-content\/uploads\/2021\/03\/logo-imeif-3000px.png","contentUrl":"https:\/\/imeif.fr\/wp-content\/uploads\/2021\/03\/logo-imeif-3000px.png","width":3000,"height":3000,"caption":"IMEIF"},"image":{"@id":"https:\/\/imeif.fr\/#\/schema\/logo\/image\/"}}]}},"_links":{"self":[{"href":"https:\/\/imeif.fr\/index.php\/wp-json\/wp\/v2\/pages\/1825","targetHints":{"allow":["GET"]}}],"collection":[{"href":"https:\/\/imeif.fr\/index.php\/wp-json\/wp\/v2\/pages"}],"about":[{"href":"https:\/\/imeif.fr\/index.php\/wp-json\/wp\/v2\/types\/page"}],"author":[{"embeddable":true,"href":"https:\/\/imeif.fr\/index.php\/wp-json\/wp\/v2\/users\/1"}],"replies":[{"embeddable":true,"href":"https:\/\/imeif.fr\/index.php\/wp-json\/wp\/v2\/comments?post=1825"}],"version-history":[{"count":6,"href":"https:\/\/imeif.fr\/index.php\/wp-json\/wp\/v2\/pages\/1825\/revisions"}],"predecessor-version":[{"id":1834,"href":"https:\/\/imeif.fr\/index.php\/wp-json\/wp\/v2\/pages\/1825\/revisions\/1834"}],"wp:attachment":[{"href":"https:\/\/imeif.fr\/index.php\/wp-json\/wp\/v2\/media?parent=1825"}],"curies":[{"name":"wp","href":"https:\/\/api.w.org\/{rel}","templated":true}]}}